visor of 76628538 and 1971?
1971
What is the greatest common factor of 4704 and 125811?
21
What is the highest common divisor of 5243 and 3136277?
107
Calculate the greatest common divisor of 694216 and 77045.
811
Calculate the greatest common divisor of 25025 and 370405.
35
What is the greatest common divisor of 390585 and 312?
39
Calculate the highest common factor of 1974395072 and 104.
104
What is the highest common divisor of 4533222 and 116?
58
Calculate the greatest common divisor of 332786020 and 32480.
4060
What is the highest common factor of 14375 and 8150855?
115
What is the greatest common divisor of 66987 and 531036?
81
Calculate the greatest common divisor of 556 and 612900762.
278
Calculate the highest common divisor of 2526 and 18502108.
842
What is the highest common divisor of 357 and 159999?
21
What is the highest common divisor of 625 and 19368325?
25
Calculate the greatest common factor of 616655174 and 1303.
1303
What is the greatest common divisor of 639044380 and 11752?
5876
What is the highest common factor of 62721810 and 96?
6
What is the greatest common divisor of 183032 and 48764?
668
What is the greatest common divisor of 1102 and 2381308?
38
What is the greatest common factor of 337606316 and 4?
4
What is the greatest common factor of 2054 and 6362660?
158
What is the greatest common divisor of 193160 and 623920?
440
Calculate the greatest common factor of 4938 and 156848986.
1646
What is the greatest common divisor of 10604105 and 47855?
2815
What is the greatest common factor of 49075 and 1291805?
755
What is the greatest common divisor of 671541 and 117192?
771
What is the highest common factor of 621056 and 29728?
32
What is the highest common factor of 118400 and 1053575?
925
What is the highest common divisor of 1382 and 10396?
2
What is the highest common divisor of 134960 and 1414000?
560
Calculate the greatest common factor of 7570 and 3289922.
1514
What is the highest common factor of 1069 and 20190203?
1069
What is the highest common divisor of 132 and 383467524?
132
Calculate the highest common factor of 181999 and 413.
1
What is the greatest common divisor of 16071734 and 42?
14
What is the highest common divisor of 2564639 and 2926?
1463
Calculate the greatest common factor of 365023 and 2207973.
1189
What is the greatest common divisor of 310 and 263870?
10
What is the greatest common factor of 10703726 and 17632?
1102
Calculate the highest common factor of 2418 and 31870046.
806
What is the highest common divisor of 1250891 and 141904?
181
Calculate the greatest common factor of 457986 and 98346.
222
Calculate the highest common factor of 166938108 and 24.
12
What is the greatest common divisor of 299 and 131146?
23
Calculate the greatest common divisor of 480 and 456784800.
480
What is the greatest common divisor of 4724235 and 2790?
45
Calculate the highest common divisor of 2147165 and 3910.
115
Calculate the greatest common factor of 240 and 21832665.
15
Calculate the highest common factor of 1892 and 680108.
44
Calculate the greatest common factor of 648738 and 513.
9
What is the greatest common factor of 5520 and 31566120?
2760
Calculate the greatest common factor of 46622 and 1308.
2
Calculate the greatest common divisor of 47120 and 4310720.
1520
Calculate the greatest common factor of 10 and 5400713260.
10
What is the greatest common factor of 3502 and 2397737?
103
What is the highest common factor of 8090 and 846994685?
4045
What is the greatest common factor of 158158548 and 9?
9
What is the greatest common divisor of 104475508 and 3688?
1844
Calculate the highest common factor of 415090 and 21915140.
4030
What is the highest common divisor of 501052 and 4106876?
2188
What is the greatest common factor of 1370472642 and 4428?
2214
Calculate the highest common factor of 5058270 and 740.
370
Calculate the highest common factor of 22080 and 65550.
690
What is the highest common divisor of 27625 and 367825?
25
Calculate the highest common divisor of 79139566 and 726.
242
Calculate the highest common factor of 2360 and 143178840.
2360
What is the greatest common divisor of 34866095 and 46795?
955
What is the highest common factor of 99 and 564183?
9
Calculate the highest common divisor of 19567715 and 5.
5
Calculate the highest common divisor of 16 and 205062824.
8
What is the greatest common divisor of 455430 and 22287?
969
What is the highest common factor of 2032 and 33664?
16
What is the highest common factor of 5342 and 4771885734?
5342
What is the greatest common factor of 105 and 676320?
15
What is the greatest common divisor of 61878222 and 2092?
1046
What is the greatest common factor of 16617090 and 8745?
795
What is the highest common divisor of 124 and 18766687?
31
Calculate the greatest common factor of 72803 and 23924305.
1549
What is the greatest common divisor of 3770 and 88612342?
754
Calculate the highest common factor of 2358 and 4044618.
18
What is the highest common factor of 198848 and 4992?
832
What is the greatest common divisor of 16182777 and 1794?
897
Calculate the highest common factor of 84 and 1096652.
4
What is the highest common divisor of 53091 and 8253?
9
What is the highest common factor of 562264409 and 1343?
1343
Calculate the highest common divisor of 14404047 and 63.
21
What is the highest common factor of 909 and 1431473?
101
What is the greatest common divisor of 322683754 and 928?
58
Calculate the highest common factor of 15952 and 5445614.
1994
What is the highest common divisor of 1666 and 21603022?
1666
What is the greatest common factor of 60926 and 1913968?
1486
Calculate the greatest common divisor of 324292 and 1241.
17
Calculate the highest common factor of 427284 and 149028.
132
What is the greatest common factor of 14750 and 13472650?
2950
What is the highest common divisor of 93440 and 24160?
160
What is the highest common divisor of 675141738 and 148?
74
What is the greatest common factor of 33969455 and 18980?
4745
Calculate the highest common factor of 33868 and 250360723.
8467
Calculate the highest common factor of 3041 and 232381056.
3041
What is the highest common factor of 176 and 11885192?
88
Calculate the highest common divisor of 9423 and 2782926.
3141
What is the highest common divisor of 7749 and 822501?
1107
What is the greatest common divisor of 1329952 and 6624?
736
Calculate the greatest common divisor of 2016 and 16606944.
288
Calculate the highest common divisor of 1369285 and 40.
5
What is the highest common factor of 450107 and 371?
7
What is the greatest common divisor of 10832 and 657367?
677
Calculate the greatest common factor of 11176 and 5735752.
88
Calculate the highest common factor of 5312 and 793088.
64
What is the highest common divisor of 1322972 and 6475?
259
What is the highest common divisor of 140 and 150309970?
10
Calculate the highest common divisor of 57929 and 22313.
53
Calculate the greatest common divisor of 14224031 and 2092.
523
What is the greatest common factor of 458941355 and 443?
443
What is the highest common divisor of 538762 and 21232?
2654
What is the greatest common factor of 3298988 and 1540?
308
What is the greatest common divisor of 36675 and 24182028?
1467
What is the greatest common factor of 1330 and 1056055?
35
What is the greatest common factor of 2112632 and 10317?
181
What is the greatest common factor of 1200860 and 52760?
20
What is the highest common divisor of 92734 and 259562?
466
What is the greatest common factor of 6596278 and 208?
26
What is the greatest common factor of 843 and 305313?
3
Calculate the highest common factor of 18 and 332226.
18
Calculate the greatest common divisor of 5579766 and 6764.
178
What is the highest common factor of 2005259 and 267?
89
Calculate the greatest common factor of 27 and 1627835076.
27
What is the highest common divisor of 9209890 and 47610?
5290
What is the greatest common divisor of 46009659 and 969?
57
What is the highest common divisor of 74887316 and 28?
28
Calculate the greatest common divisor of 5020 and 207110140.
5020
What is the highest common factor of 2914619566 and 3286?
3286
Calculate the greatest common divisor of 1159 and 1416542.
61
Calculate the greatest common divisor of 391056 and 42.
6
Calculate the high